et k(h) = 4*b(h) + 9*l(h). Let y be k(7). Calculate the highest common factor of y and 4.
4
Suppose 0*p + 16 = 3*p - b, -3*b = -15. Calculate the highest common factor of p and 1.
1
Let w = -5 - -8. Suppose 36 = -0*k + w*k. Let s be 1/2 + 750/k. Calculate the greatest common divisor of 9 and s.
9
Suppose -w = 5*s - 434, w + s = 5*s + 398. Suppose 595 = 5*n + 5*z, -4*n + 64 = 5*z - w. Calculate the greatest common factor of 13 and n.
13
Let c be (-6)/(0 + (-3)/2). Let o be c/(-8)*(1 + -35). Suppose 5*d - 3 = o. What is the highest common factor of d and 8?
4
Let r = -9 - -4. Let y be r/1*120/(-50). Calculate the greatest common divisor of 6 and y.
6
Suppose 8*y = 4*y - 36. Let n = y - -15. Calculate the greatest common factor of n and 24.
6
Suppose -9*q + 23 = -94. What is the greatest common factor of q and 13?
13
Let j = -8 - -6. Let q be (35/(-10))/(j/4). What is the greatest common divisor of 1 and q?
1
Let v(q) = 45*q. Let g be v(3). Let j be (10/(-8))/(1/(-4)). Suppose g = 4*k + j*b - 67, 2*b + 44 = k. Calculate the highest common factor of k and 32.
16
Suppose c + 0 = 1. Let l be 3*(-94 - 0/c). Let p be l/(-5) + 2/(-5). What is the greatest common divisor of p and 14?
14
Suppose 2*i = 0, -15 = 2*b + 5*i - 63. Suppose -4*p + j = -16, 2*j + 18 = 2*p - j. Suppose 0*v = -p*v + 9. Calculate the greatest common factor of b and v.
3
Let u(m) = -m**3 + 17*m**2 - 12*m - 1. Let p be u(16). Calculate the highest common factor of 9 and p.
9
Let y(z) = -z**3 - 10*z**2 - 13*z - 8. Let f be y(-9). What is the greatest common divisor of f and 70?
14
Let m be ((-6)/9)/(3/(-99)). Calculate the greatest common divisor of m and 2.
2
Let l = -30 - -86. Let w be (28/6)/(4/12). What is the highest common factor of l and w?
14
Let u = 68 - 38. Calculate the highest common factor of u and 6.
6
Suppose 7*m + 4*m - 1056 = 0. Calculate the greatest common divisor of m and 12.
12
Let l = -1 - 0. Let y be 1*l/(1/(-2)). What is the greatest common factor of 10 and y?
2
Let c be (-56)/2*(-3)/6. What is the greatest common divisor of c and 98?
14
Suppose 0 = -5*z + 129 + 346. Calculate the greatest common divisor of 38 and z.
19
Suppose -10*p - 2*p = -72. Suppose 3*l + 42 = 4*l. Calculate the highest common divisor of l and p.
6
Let v be (-5971)/(-5) + (-2)/10. Suppose -3*w - 5*o + 881 = 0, 2*o - 5*o = -4*w + v. Suppose -5*j + w = -2*j. Calculate the greatest common factor of 9 and j.
9
Suppose -5*q - 226 + 601 = 0. Calculate the highest common factor of 3 and q.
3
Let f(t) = -t**3 - 11*t**2 - 7*t - 11. Let y be f(-11). What is the greatest common factor of 6 and y?
6
Suppose r + 8 = 5*r. Let p be (-10)/(-3) + r/(-6). Calculate the greatest common divisor of 6 and p.
3
Suppose -116 = 2*i + 4*q, -232 = 4*i - 0*q + 2*q. Let y = i + 82. Calculate the greatest common factor of y and 3.
3
Let a = -19 - -20. Calculate the greatest common divisor of 9 and a.
1
Let n be 4 + 0 + 0 + 0. Suppose 0 = 8*q - 25 - 23. What is the highest common divisor of n and q?
2
Let c be 2/(1 - -1) + 1. Suppose -10 = -4*w + 6. What is the greatest common divisor of w and c?
2
Let u = 110 + -26. What is the greatest common factor of u and 210?
42
Let b(t) = -t**3 - t**2 + t + 8. Let r be b(0). What is the highest common divisor of 40 and r?
8
Let u be 2/1 + (2 + -1 - 1). Calculate the greatest common factor of 10 and u.
2
Let x(v) = v**3 + 2*v**2 - 2*v. Let y be x(5). What is the highest common factor of y and 66?
33
Let q(k) = 2*k**2 - 6*k - 3. Let u be q(4). Calculate the greatest common factor of u and 1.
1
Let n = 60 - 55. Calculate the highest common factor of n and 25.
5
Suppose -3*c - q + 27 = -6*q, -4*c + 50 = -2*q. Calculate the greatest common factor of c and 14.
14
Suppose 2 + 2 = -v. Let h be 2/v + 2/4. Let r be h + ((-2)/2 - -14). What is the greatest common divisor of r and 39?
13
Suppose -2*l = o - 3, 4*o = l + 12 + 9. Suppose -2*i = -31 + o. What is the highest common divisor of 26 and i?
13
Let x(p) = -4*p + 17. Let l be x(4). What is the highest common divisor of 1 and l?
1
Let s(m) = -8 + m + 5*m - 8*m. Let d be s(-6). Suppose -507 = -d*t - z, -2*t + 4*t + z = 251. What is the highest common divisor of 16 and t?
16
Suppose 3*z = 5*j + 49, 4*z = -2*j - 5 + 1. Let x(g) = -g**2 - 8*g + 2. Let b be x(j). What is the highest common divisor of b and 5?
1
Suppose -3*p + 36 = 3*l, -p - 4*p - 20 = -3*l. What is the greatest common divisor of l and 30?
10
Let a be ((-16)/10)/(20/(-450)). Calculate the greatest common divisor of a and 4.
4
Let m be ((-32)/40)/(4/(-50)). Calculate the greatest common factor of m and 80.
10
Let f = 30 - 27. What is the greatest common factor of 33 and f?
3
Let v be (0/(-1 + 2))/(-1). Suppose 4*q + 67 - 223 = v. What is the greatest common divisor of q and 26?
13
Suppose 4*s + 8 = -d - 2, -5*d + 2*s = -16. Let j be d/9 + 3450/27. Suppose 0*z + 3*z = 48. Calculate the highest common divisor of j and z.
16
Let f = 29 - 7. Suppose -f = -3*n + 20. What is the greatest common factor of 98 and n?
14
Let n(y) = -y**3 - 10*y**2 - 3*y - 10. Let j be n(-10). Calculate the highest common divisor of 5 and j.
5
Suppose 3*f + 1 - 7 = 0. Suppose f*z - 2*h = 3*h + 82, 3*z - 106 = -h. Calculate the highest common divisor of z and 12.
12
Let d = 44 + -31. What is the greatest common divisor of 52 and d?
13
Let t be (-40)/6*(-3)/2. Suppose -571 = -3*b + 2*q, 0*q - t = 2*q. What is the greatest common factor of 17 and b?
17
Let n be 45/10 - 2/(-4). Suppose -n*b + 28 = -62. What is the greatest common factor of 6 and b?
6
Let m = 85 + -51. What is the greatest common factor of 102 and m?
34
Let i(w) = 2*w - 4*w + 2 + 5*w + 0*w**2 + w**2. Let v be i(-5). Let u be 4/(-14) - (-1180)/14. What is the highest common divisor of u and v?
12
Let k be (-2)/(18/(-15) + 1). What is the greatest common divisor of k and 20?
10
Let y be -1 - (-30 + (-5 - -1)). Calculate the greatest common factor of y and 3.
3
Let u(p) = -170*p**3 + 2*p**2 + 2*p + 1. Let a be u(-1). What is the greatest common divisor of a and 19?
19
Suppose 0 = -13*u + 11*u + 30. Calculate the greatest common divisor of u and 5.
5
Suppose 0 = -21*n + 26*n - 35. Let a(r) = -r**3 - 6*r**2 - 9*r - 5. Let j be a(-6). What is the highest common divisor of j and n?
7
Let i be 28/(-56) + (-354)/(-4). Calculate the highest common divisor of 132 and i.
44
Suppose t + n = -4*n - 10, -5*t + 2*n = -85. Suppose 19 = 2*h - t. Let z = -193 - -329. What is the greatest common factor of z and h?
17
Let n(t) = 5*t**2 - 2*t. Let f be n(-6). What is the highest common factor of f and 24?
24
Let f(z) = 8*z + 8. Let t be f(10). What is the greatest common factor of t and 11?
11
Suppose -14*f + 19 + 79 = 0. What is the greatest common factor of 63 and f?
7
Let z(q) = -q**3 - 11*q**2 - 11*q - 6. Let c be z(-10). Suppose s - c = 8. Calculate the highest common factor of s and 96.
12
Suppose -3*i + 6 = -2*i. Calculate the highest common factor of 6 and i.
6
Suppose 3 = 2*w + w. What is the greatest common divisor of w and 1?
1
Let a = 113 - 99. Calculate the highest common factor of a and 126.
14
Suppose 3*v - 5*c - 28 = 0, -2*v - 3*c - 1 = -7. What is the greatest common factor of v and 3?
3
Let o = -13 - -8. Let b(g) = g**3 + 6*g**2 + 4*g. Let j be b(o). What is the highest common divisor of j and 25?
5
Let g be -1*(5 - 2 - 18). Let t = 16 - 6. What is the highest common factor of g and t?
5
Let k = -12 + 17. Let v be k*(-4)/(8/(-2)). Calculate the greatest common factor of 1 and v.
1
Let t(a) = 53*a**3 + 6*a - 2. Let u be t(2). What is the greatest common factor of u and 62?
62
Suppose -4*h + 89 = 3*t - 44, 4*t = 5*h - 174. Calculate the highest common divisor of h and 17.
17
Let i = 19 - 16. Suppose i*n + 86 = 4*w, -58 = -0*w - 3*w - n. Calculate the highest common divisor of 20 and w.
20
Let j(r) = r**3 + 16*r**2 + 19*r - 1. Let g be j(-13). What is the greatest common divisor of g and 37?
37
Let o be ((-2)/(-3))/(1/15). Suppose 0 = -5*u + o, 4*u - 85 = -3*q + 2*u. Calculate the highest common divisor of 3 and q.
3
Suppose -24 = 2*i + 2*u, -5*i - 56 = 4*u - 0*u. Let a = 43 + i. Calculate the greatest common factor of 14 and a.
7
Let d = 4 + 0. Suppose 41 = d*v - 7. Let j(r) = -7*r - 58. Let i be j(-22). Calculate the greatest common factor of 